{"id":4630,"date":"2024-02-03T11:18:32","date_gmt":"2024-02-03T11:18:32","guid":{"rendered":"https:\/\/lasvon.vn\/?product=collagen-intesive-repair-melasma-day-cream"},"modified":"2026-04-09T22:47:28","modified_gmt":"2026-04-09T22:47:28","slug":"collagen-intesive-repair-melasma-day-cream","status":"publish","type":"product","link":"https:\/\/lasvon.vn\/?product=collagen-intesive-repair-melasma-day-cream","title":{"rendered":"LASVON COLLAGEN INTENSIVE REPAIR MELASMA DAY CREAM"},"content":{"rendered":"<p><strong>C\u00d4NG D\u1ee4NG:<\/strong><\/p>\n<p data-start=\"277\" data-end=\"390\">\u2022 H\u1ed7 tr\u1ee3 c\u00e2n b\u1eb1ng qu\u00e1 tr\u00ecnh h\u00ecnh th\u00e0nh melanin, g\u00f3p ph\u1ea7n c\u1ea3i thi\u1ec7n l\u00e0n da x\u1ec9n m\u00e0u, kh\u00f4ng \u0111\u1ec1u m\u00e0u.<br data-start=\"329\" data-end=\"332\" \/>\u2022 T\u0103ng c\u01b0\u1eddng c\u01a1 ch\u1ebf t\u00e1i t\u1ea1o v\u00e0 thanh l\u1ecdc l\u00e0n da, h\u1ed7 tr\u1ee3 l\u00e0m m\u1edd c\u00e1c v\u00f9ng da s\u1ea1m m\u00e0u nh\u01b0 n\u00e1m, t\u00e0n nhang, \u0111\u1ed1m n\u00e2u.<br data-start=\"447\" data-end=\"450\" \/>\u2022 Gi\u00fap da s\u00e1ng v\u00e0 \u0111\u1ec1u m\u00e0u h\u01a1n, mang l\u1ea1i v\u1ebb ngo\u00e0i r\u1ea1ng r\u1ee1, t\u01b0\u01a1i t\u1eafn.<br data-start=\"521\" data-end=\"524\" \/>\u2022 K\u00edch th\u00edch t\u1ed5ng h\u1ee3p Collagen, h\u1ed7 tr\u1ee3 t\u0103ng \u0111\u1ed9 \u0111\u00e0n h\u1ed3i, l\u00e0m m\u1ec1m k\u1ebft c\u1ea5u da v\u00e0 c\u1ea3i thi\u1ec7n n\u1ebfp nh\u0103n.<br data-start=\"625\" data-end=\"628\" \/>\u2022 \u1ee8ng d\u1ee5ng c\u00f4ng ngh\u1ec7 Liposome ti\u00ean ti\u1ebfn, gi\u00fap \u0111\u01b0a ho\u1ea1t ch\u1ea5t th\u1ea9m th\u1ea5u s\u00e2u, h\u1ed7 tr\u1ee3 ph\u1ee5c h\u1ed3i v\u00e0 b\u1ea3o v\u1ec7 l\u00e0n da kh\u1ecfi c\u00e1c d\u1ea5u hi\u1ec7u l\u00e3o h\u00f3a s\u1edbm.<\/p>\n<p>&#8212;&#8212;&#8212;&#8212;&#8212;&#8212;&#8212;&#8212;&#8212;&#8212;&#8212;&#8212;&#8212;&#8212;&#8212;&#8212;&#8212;&#8212;&#8212;&#8212;&#8212;-<\/p>\n<p><strong>\u00a0<\/strong><strong>H\u01af\u1edaNG D\u1eaaN S\u1eec D\u1ee4NG:<\/strong><\/p>\n<p>S\u1eed d\u1ee5ng sau c\u00e1c b\u01b0\u1edbc l\u00e0m s\u1ea1ch, l\u1ea5y m\u1ed9t l\u01b0\u1ee3ng kem v\u1eeba \u0111\u1ee7, ch\u1ea5m \u0111\u1ec1u l\u00ean 5 \u0111i\u1ec3m tr\u00ean m\u1eb7t l\u00e0 tr\u00e1n \u2013 c\u1eb1m \u2013 m\u0169i v\u00e0 2 b\u00ean m\u00e1, massage \u0111\u1ec1u cho kem th\u1ea9m th\u1ea5u.<\/p>\n","protected":false},"excerpt":{"rendered":"<p><strong>KEM H\u1ed6 TR\u1ee2 M\u1edc TH\u00c2M N\u00c1M BAN NG\u00c0Y &#8211; PH\u1ee4C H\u1ed2I &#8211; D\u01af\u1ee0NG S\u00c1NG H\u1ed6 TR\u1ee2 C\u00c2N B\u1eb0NG S\u1eaeC T\u1ed0\u00a0<\/strong><\/p>\n","protected":false},"featured_media":5468,"comment_status":"open","ping_status":"closed","template":"","meta":[],"product_cat":[90],"product_tag":[98,97,96,99],"class_list":{"0":"post-4630","1":"product","2":"type-product","3":"status-publish","4":"has-post-thumbnail","6":"product_cat-ho-tro-duong-sang-mo-sam-nam","7":"product_tag-collagen","8":"product_tag-intesive-melasma","9":"product_tag-lasvon","10":"product_tag-repair","12":"first","13":"instock","14":"shipping-taxable","15":"product-type-simple"},"_links":{"self":[{"href":"https:\/\/lasvon.vn\/index.php?rest_route=\/wp\/v2\/product\/4630","targetHints":{"allow":["GET"]}}],"collection":[{"href":"https:\/\/lasvon.vn\/index.php?rest_route=\/wp\/v2\/product"}],"about":[{"href":"https:\/\/lasvon.vn\/index.php?rest_route=\/wp\/v2\/types\/product"}],"replies":[{"embeddable":true,"href":"https:\/\/lasvon.vn\/index.php?rest_route=%2Fwp%2Fv2%2Fcomments&post=4630"}],"wp:featuredmedia":[{"embeddable":true,"href":"https:\/\/lasvon.vn\/index.php?rest_route=\/wp\/v2\/media\/5468"}],"wp:attachment":[{"href":"https:\/\/lasvon.vn\/index.php?rest_route=%2Fwp%2Fv2%2Fmedia&parent=4630"}],"wp:term":[{"taxonomy":"product_cat","embeddable":true,"href":"https:\/\/lasvon.vn\/index.php?rest_route=%2Fwp%2Fv2%2Fproduct_cat&post=4630"},{"taxonomy":"product_tag","embeddable":true,"href":"https:\/\/lasvon.vn\/index.php?rest_route=%2Fwp%2Fv2%2Fproduct_tag&post=4630"}],"curies":[{"name":"wp","href":"https:\/\/api.w.org\/{rel}","templated":true}]}}